 + 8*v + 7. Let q(k) = 2*k + 7. Let w(x) = -x**2 - 5*x + 1. Let t be w(-6). Let p be q(t). Let n be 9/((-27)/6 - p). Determine h(n).
-5
Suppose 6*p + 22 + 14 = 0. Let u(o) = o**3 + 7*o**2 + 6*o + 6. Give u(p).
6
Let q(v) = 2*v - 23. Suppose -2*d + 6*h = h - 27, 0 = -4*d + 3*h + 33. Let m(r) = -1 + d - r + 6. Let k(c) = -7*m(c) - 3*q(c). Determine k(5).
-3
Let b(o) be the third derivative of -o**6/120 - o**5/30 - o**4/8 - o**3/3 + 21*o**2. Give b(-2).
4
Let o(q) = -q - 5. Let g be (-21)/(-2) + 5/10. Suppose -4*s + s = -a + g, 4*a - 4 = 2*s. Calculate o(s).
-1
Let g(q) be the second derivative of q**4/6 - 7*q. Suppose 4 + 1 = -5*o. Give g(o).
2
Let j(a) be the third derivative of a**5/60 - a**4/24 - a**3/3 + a**2. Let c = 6 + -4. Suppose l = -2*v + 5, -c*v - 4*l = -2 + 6. What is j(v)?
10
Suppose -5*j + 2 = -23. Let p(a) be the second derivative of a**3/3 + 12*a. Give p(j).
10
Let u(j) = 5*j - 3. Let x be (-4)/(-8) + 12/8. What is u(x)?
7
Suppose -4*x + 9 = -x. Let s(b) = 2*b + 2. Determine s(x).
8
Let b(i) be the second derivative of 5/12*i**4 - 7/2*i**2 + 1/20*i**5 - 2*i + 0 - 1/6*i**3. Determine b(-5).
-2
Let p(w) = w + 8 + 2 - 5. Let y be ((-14)/2)/((-2)/2). Let t = y + -11. Determine p(t).
1
Let w(a) = 4*a. Suppose 4*l + l + 5 = 2*s, 0 = -5*l - 2*s + 15. Determine w(l).
4
Let o(k) be the first derivative of k**3/3 + 3*k**2 - 5*k + 34. Give o(-5).
-10
Let z(x) = -17*x - 6. Let f(m) = 20*m + 8. Let s(b) = 3*f(b) + 4*z(b). Let t(n) = -n**2. Let h be t(-1). Calculate s(h).
8
Suppose -3*v + 7 = r - 14, 0 = 2*v + 2*r - 14. Let p be v/9 + 2/9. Let d(h) = h - 1. Give d(p).
0
Let l(b) = -b**3 - 21*b**2 - 17*b + 61. Let a be l(-20). Let n(d) = -6*d**2 + 2*d - 1. Determine n(a).
-5
Suppose -6 = -2*n + 2. Let o = 2 + n. Suppose -f - 1 = 2*u, f - o*u - 6 = -u. Let s(p) = p**3 - p + 1. Determine s(f).
1
Let r = -11 + 15. Let u(v) = 10*v - r*v**3 - 9*v + v**3. Let k(g) = -g**3 + 3*g**2 + g - 4. Let p be k(3). Determine u(p).
2
Let f(o) be the second derivative of o + 0 - 1/6*o**3 + 0*o**2. Let k = 1 - 1. Give f(k).
0
Let a(f) be the first derivative of -f**3/3 - 3*f**2/2 - 5*f + 1. Suppose -4*p = -4*k - 4, -4*p + 0*p - 12 = 0. Let s be 2/(-2) + 12/k. Give a(s).
-9
Let j(a) = -4 + 5*a**2 + a + 15*a**2 - 21*a**2. Calculate j(0).
-4
Let y(p) = -p**2 - 8*p + 8. Let h(m) = -m**2 - 9*m + 9. Suppose -5*o = 5*f - o - 9, -4*f - 5*o = 0. Let z(d) = f*h(d) - 6*y(d). Give z(2).
7
Let z(h) = 9*h - 6. Let a(j) = -j + 1. Let y(m) = 14*a(m) + 2*z(m). Calculate y(-2).
-6
Suppose y + 23 = -3*y - 3*h, -5*y - 20 = -5*h. Let m(r) = -r - 7. Determine m(y).
-2
Suppose 0*k + 5*o = -2*k - 3, 4*k = o + 5. Let m(t) = -t**2 - t - 3*t**3 + 0*t**3 - 1 + 3*t - 5*t**3. Determine m(k).
-8
Suppose 3*m + 1 = 16. Suppose 15 = -5*i - m. Let r(j) = -2*j + 6. Let v(q) = -q + 1. Let z(x) = r(x) - 3*v(x). Give z(i).
-1
Let m(r) = 2*r + 9. Let a(t) = -12*t - 46. Let x(v) = -3*a(v) - 16*m(v). Determine x(5).
14
Suppose 7*z = 8*z - 4. Let q(g) be the first derivative of g**3/3 - 5*g**2/2 + 3. Determine q(z).
-4
Let k(r) = -5*r. Let j be k(-1). Let s = j + -4. Let w(o) = o**2 - 1. Give w(s).
0
Let c = 30 - 15. Suppose 0*t - 2*t - 10 = -2*h, 3*t = -3*h - c. Suppose 5*g + h - 10 = 0. Let i(k) = -k**2 + k - 2. Give i(g).
-4
Let w(c) = -c**3 - c**2 - c + 7. Let f(h) = h - 6. Let m be f(6). What is w(m)?
7
Let p(q) be the third derivative of -q**5/24 - q**4/24 + q**3/3 + 2*q**2. Let u(c) be the first derivative of p(c). Determine u(2).
-11
Let i(v) = v + 4. Suppose -15 = -w + 10. Let c be (-6 - -1)*(-10)/w. Suppose -4*d + r - 16 + 0 = 0, -d - c*r + 5 = 0. Determine i(d).
1
Let s(u) = u. Let a(l) = -2*l + 1. Let x(y) = -2*a(y) - 5*s(y). Determine x(-5).
3
Let w(p) = 3*p**2. Suppose o - 12 = 3*d + 6, 0 = -5*o - 5*d + 10. Suppose 0 = 4*u - 5*g + 24, -3*u + o*g - 19 = 2*g. What is w(u)?
3
Suppose 4 = 2*n + 2*n. Let x(f) = -5*f**3 - 4*f**2 + 6*f - 1. Let w(y) = -5*y**3 - 3*y**2 + 5*y - 1. Let g(c) = 5*w(c) - 4*x(c). What is g(n)?
-4
Let x(t) be the second derivative of t**3/2 - t**2/2 + 20*t. Let p = -4 - -7. Let m = p - -1. Calculate x(m).
11
Suppose -4*v - o = -27, -2*o - 6 = 2*v - 4*v. Let c(m) = m**3 - 7*m**2 + 5*m + 4. Determine c(v).
-2
Suppose -i + 26 = -5*q, -3*i + 2*i - 9 = 2*q. Let f(l) be the first derivative of -1/3*l**3 + 4 + l**4 - 1/2*l**2 + l. Calculate f(i).
3
Let x(q) = -q + 4. Suppose -2*t = -5*t. Suppose t = 4*a - 5*m + 27, 2*a + 0*m + 12 = 2*m. Give x(a).
7
Suppose 0 = -f + 6*f - 10. Let t(n) = 6*n - 1. What is t(f)?
11
Let m(u) = u**2 + 2*u + 3. Let o be m(-2). Let t(s) = s**3 - 3*s**2 + s + 1. What is t(o)?
4
Let z = -35 - -34. Let s(r) = 17*r**3 + r**2 + r + 1. Give s(z).
-16
Let k(n) = -3*n + 26. Let o(c) = c - 9. Let a(w) = 2*k(w) + 7*o(w). Suppose 2*j - 2 = -0*j. Let q be ((-10)/4)/(j/(-2)). Determine a(q).
-6
Let z(u) = u**3 - 5*u**2 - 3*u + 7. Let b(k) = -k - 5 + 7*k + k**2 + 3*k. Let f be b(-10). Determine z(f).
-8
Suppose 4*x + 2 = 10. Let t(g) = g**3 - 1. Determine t(x).
7
Let t(m) = 8*m**2 - 125*m + m**3 + 117*m + m**3 + 13 - m**3. Calculate t(-9).
4
Let o be 8/(-12) - (-4)/6. Let z be (-1 - o)/(4/20). Let p(c) = c + 6. Give p(z).
1
Let k(m) = -m**2 + 6*m - 1. Let h(z) = 6*z**2 - 30*z + 5. Let c(i) = -2*h(i) - 11*k(i). Calculate c(-4).
9
Let t(c) be the first derivative of -c**4/4 + c**3 + 3*c**2/2 - 64. Let x be (1 - 2)*8/(-2). What is t(x)?
-4
Suppose -2*y - 2 = -5*n, 4*y + 3*n + 3 = y. Let m(r) = 2*r**3 - r - 1. Give m(y).
-2
Let l(f) = f**2 + 5. Let v be 3/(-5) - (-3)/5. Give l(v).
5
Let y(k) = -5*k + 7. Let i(n) = -14*n + 20. Let p(g) = -6*i(g) + 17*y(g). Give p(3).
-4
Let g = 22 - 36. Let m = -8 - g. Suppose 0 = -c - 2*c + m. Let t(o) = o**3 - 2*o**2 + o + 1. Give t(c).
3
Suppose 8*o = 7*o + 2. Let c(h) = -h**3 + h**2 + 2*h - 2. Calculate c(o).
-2
Let w(t) = 19*t**2 + 6*t + 11*t**2 - 12 - 25*t**2. Let r(k) be the second derivative of -k**4/12 - k**3/6 + k**2/2 + k. Let c(d) = -6*r(d) - w(d). What is c(0)?
6
Let l(y) = -y + 5. Let t(b) = 6*b**2 - 5*b - 6. Let j be t(-1). Calculate l(j).
0
Let p(z) = z**2 - z - 1. Let s be 10/(-20)*(1 + -33). Let u be (6/(-4))/(12/s). Give p(u).
5
Let y(s) be the second derivative of -s**4/12 + 3*s**2/2 - 10*s. Calculate y(0).
3
Suppose -n = n - 4. Let c(z) = 7 + n*z + 1 - 3*z. Calculate c(6).
2
Suppose -5*g - 5*h + 5 = 0, 4*h = -5*g + 8 - 3. Let r be g/2*(7 + 1). Let y(d) = 3*d - 5. Calculate y(r).
7
Let o(d) = -3*d**2 + d + 1. Let q(c) = c**3 - 4*c**2 + c + 1. Let b be q(4). Suppose -3*j = -4*t - 10, -b*j + 3*t + 2 = -0*j. Give o(j).
-13
Let t(n) be the second derivative of -1/12*n**4 + 2*n**2 + 1/20*n**5 + 0 - 2/3*n**3 + 3*n. Calculate t(3).
10
Let r(f) be the third derivative of -f**5/60 + 5*f**4/24 - 9*f**2. Give r(5).
0
Let k be 3/(-2)*(-1 - 1). Let t(z) = z. Let w(u) = u**2 - 4*u - 1. Let h(a) = 3*t(a) + w(a). Give h(k).
5
Let r(n) be the second derivative of n**5/20 + 5*n**4/12 - n**3 + 2*n. Let l(c) = -2*c + 12. Let s be l(9). Calculate r(s).
0
Let d(z) be the third derivative of z**5/60 + z**4/8 - z**3/3 + 6*z**2 + 24. Let a be 2/6 + (-13)/3. Calculate d(a).
2
Let l = -41 - -29. Let k(z) = -z**3 - 13*z**2 - 13*z - 7. Determine k(l).
5
Suppose 3*j = 5*j - 8. Let f = j - 10. Let x(l) = -2*l - 8. What is x(f)?
4
Let q(k) = k**2 + 8*k + 7. Let d be q(-7). Let h(f) = -f - f + 5 + d*f. Let p be h(4). Let x(v) = v**3 + 4*v**2 + 2*v + 2. Calculate x(p).
5
Let c(r) = -r**2 + 3*r - 2. Suppose 0 = b - 2 - 2. Suppose 2*j - 6 - b = 4*h, -25 = -5*j - 2*h. Let f be (16/20)/(1/j). Calculate c(f).
-6
Let g(z) = -z**3 - 4*z**2 - 2*z - 3. Let l = 20 + -20. Suppose x - 2*w - 5 = 0, l = -x + w + 1 - 0. Calculate g(x).
-6
Let k(m) = -3*m + 6*m + 16*m**3 - 5*m + 0 - 1. Calculate k(-1).
-15
Let b(c) = 4 - 4*c**2 + 0 - c**3 + 0*c**3 + 8*c**2 + 2*c. What is b(5)?
-11
Let z(k) = 5*k - 2. Let m(d) = 6*d - 2. Let y(x) = -6*m(x) + 7*z(x). What is y(-6)?
4
Suppose -3*o - 4 = -c + 1, -1 = 4*c - 5*o. Let f be 2/c + (-5)/(-2). Let i(q) = 0*q - f*q + 4*q + 6. Calculate i(-4).
-2
Let d(a) = -a + 1. Let t(v) = -3*v + 9. Let s(o) = 2*d(o) - t(o). Let q be (8/10)/((-16)/(-120)). What is s(q)?
-1
Let h be (-22)/(-6) + (-2)/3. Let f(q) be the third derivative of q**4/12 - 2*q**3/3 - 8*q**2. What is f(h)?
2
Let n(l) = l**2 - 9*l - 4. Let m(t) = -t**2 + 10*t + 5. Let